culate 46 + -113 + (-81 - -86).
-62
Evaluate 49 + -19 + 28 + (9 - (18 + -4 + 8)).
45
Evaluate (62 - 11 - 0) + (19 - 7 - 15).
48
What is the value of (51 - (-45 - -101)) + -7 + 7 + -90?
-95
4 + -8 + (-8 + -8 + 11 - 8)
-17
Calculate (1 - 3 - -8) + (-33 - -66) + (6 - -5).
50
What is the value of (-28 - -3) + (-21 + 0 - -22) + -5?
-29
What is the value of (-60 - 70) + 149 - (42 + 0)?
-23
What is -12 + (25 - 11) + -17 + 36?
21
-13 - (26 + (1 - 16) + -9 - -10)
-25
Calculate (-29 + 20 - 33 - (1 + -3)) + -7 - -3.
-44
-8 - (85 + -49 - (-5 + (-3 - -4)))
-48
Calculate 1 + 6 - (9 - (211 + -231 + 0 + 20)).
-2
What is 6 - (58 + 33 + -39 - 30)?
-16
Evaluate 16 + (17 - (-24 + 14)) + (3 - (-5 + 3)).
48
-29 - (-28 + 83 + -58)
-26
Calculate -100 - (-13 + -217 + 37).
93
-81 + (130 - 9) + 19
59
109 - (124 + -24) - (-2 - -1 - (1 + 41))
52
Evaluate -1 + 3 + 67 - (-2 - -1 - (-141 - -126)).
55
What is (-54 + 62 - -74) + -32 + -2?
48
109 + (-46 - 44) - (-15 - -1)
33
(3 - -1) + -1 + (-24 - (-27 - -18))
-12
What is -101 + 13 - (-8 - 4 - (-41 - -41))?
-76
-9 + (-12 - (-15 + (15 - (1 - 26))))
-46
Evaluate (-71 - -62) + (-6 - 12 - 12).
-39
Evaluate (-533 - -479) + (46 - 3).
-11
Evaluate -31 - -117 - (-56 - -89).
53
What is 15 + (5 - (-55 + 90))?
-15
What is the value of 123 - (255 + -28 + 23)?
-127
What is the value of 0 - (28 + -37 - (-3 - (-93 + (1 - 1))))?
99
Evaluate 191 + 96 + (-47 - 135).
105
What is the value of (-12 - 24) + 5 + -52 + 3?
-80
What is the value of -33 - (-160 - (-93 - -22))?
56
What is the value of (57 - 63) + 13 + -1 + (-13 - -16)?
9
-27 - (412 + -406 + -4 + -1)
-28
What is -4 + 11 + 2 + -22 - 37 - -4?
-46
Calculate (13 + 36 - 79) + 50.
20
Evaluate 28 + (8 - (-12 + (8 - (-16 - -12)))).
36
What is the value of (2 + 2 + -9 - 2) + 5 + 50 + 8?
56
What is the value of 5 + (3 + 4 - 2) - (30 - (-7 + 0))?
-27
Calculate 31 + 12 - 50 - 5.
-12
Calculate 2 - -5 - (-30 + 106 + (26 - 67)).
-28
(2 - 6) + (-17 - -10 - -8) + 42 + -17
22
What is (2 - 1) + -2789 + 2813 + -1 + (2 - -4)?
30
7 + -6 + 0 + 5 + 3 + (-67 - -3)
-55
What is the value of 39 + -95 - 43 - -61?
-38
132 + (136 - (416 - 37))
-111
Calculate 7 + -8 + (17 - 22 - 10).
-16
Evaluate 10 + (-3 - -23) + 17 + -19.
28
Calculate (-9 - -18) + (5 - 13 - -7) + -55.
-47
Evaluate 57 - 14 - 7 - (-2 + -11).
49
Evaluate (0 - -7) + (25 + -147 + 6 - -23).
-86
What is 23 + -5 + -11 + (3 - 10) - (-1 + -25)?
26
(48 - 7) + (24 - (-20 - -41))
44
Evaluate 59 + 10 + -21 + -61.
-13
Calculate -7811 - -7808 - (-1 - -43).
-45
Evaluate (-8 - (-33 - 6 - -31)) + -1 + -20.
-21
What is (22 - 32) + 25 + (-2 - (-6 - -5))?
14
Evaluate 60 + (-10 + -19 + 12 - 5).
38
(5 - 2) + -8 + (13 + 1 - (-231 - -338))
-98
Evaluate (156 - 57 - 84) + 30.
45
57 + -2 + 5 + -1733 + 1745 - -23
95
Calculate 2 - -12 - (-66 + 43 - -25).
12
Calculate 2 + -5 - (216 + -213 + 59 + -1).
-64
What is the value of -113 + 72 - (-4 - 11)?
-26
Evaluate 7 - -15 - (-8 + -1 - -60).
-29
What is 22 + (8 - 24) - (12 - (-2 + 1))?
-7
Calculate 3 + -3 + -24 + 24 + 45.
45
What is (13 - -27 - 2 - -45) + (-1 - 6)?
76
What is -55 + 2 + (-1015 - -1077)?
9
What is 128 + 7 - 0 - (-631 + 661)?
105
Calculate (2 + (-11 - -22) - 0) + -32.
-19
Calculate (-35 + 92 - 63) + 30.
24
15 - 13 - (-20 + 11 + (12 - -16))
-17
What is (-1 + 3 + 7 - (16 - (11 + 57))) + -2?
59
Evaluate -13 - ((-6 + -13 + 5 - -11) + 24).
-34
Evaluate 34 - 1 - (-87 - -276 - 74).
-82
Calculate 46 - ((41 - 64) + 17 - 27).
79
Evaluate (-20 + 49 - 16) + (-17 - 1) + -1.
-6
What is (9 - (2 + 3 + (2 - -2 - 9))) + -47?
-38
What is the value of 13614 + -13622 - (-43 + -1)?
36
What is (32 - 10 - 83) + 84?
23
35 + -37 + (8 - 0) + (-1 - (-2 + 6))
1
-30 + (-28 + -3 - (45 + -61))
-45
What is 77 + -34 + 65 + -25 + (0 - -1 - -1)?
85
Calculate 5 + 27 + 277 + -313.
-4
Evaluate 4 - 48 - (881 - 972).
47
What is the value of -5 + -8 + -6 - (-917 - -901)?
-3
Calculate 59 + -57 + 31 + -22.
11
Evaluate -2 + 2 - -14 - (15 + 19).
-20
Calculate (-20292 - -20269) + (-38 - (-1 + 1)).
-61
-17 + -36 + 547 + -449
45
Calculate (446 - 103 - 123) + -136.
84
Evaluate 5 - 0 - (-21 + -23 + 21 + (54 - 25)).
-1
Calculate 57 + (-22 - (-10 - (-2 - -12))).
55
What is the value of -2 - 3 - 0 - (3862 - 3857)?
-10
Calculate (-156 - 26) + -19 + 73.
-128
What is -45 - (19 - (-6 + -4 + 21)) - (2 + -11)?
-44
Calculate -2 - 10 - ((1 - (17 + (-29 - -13))) + 60).
-72
What is the value of (-23 - (7 - 24)) + 1 + -36?
-41
-7 + 32 + (-11 - -2)
16
What is (-73 - -2) + (-22 - (13 + 28 - 47))?
-87
Evaluate -4 + 2 + (0 - -56) + 20 + -27 + -2.
45
Evaluate (17 - -8) + -14 + (1 - (-25 - -6)).
31
What is the value of -3 + -6 - (-4 - -16 - (30 + -6))?
3
What is the value of (11 - 9) + (57 - 54)?
5
12 + (0 - (10 + -25)) + -27 - -56
56
What is (32 - (-17 - -47)) + -20 + 0 + -63?
-81
What is the value of -103 - (-27 - 70) - (-26 + 0 + 0 + -2)?
22
Calculate -1 + -13 + (-77 + 63 - -29).
1
Evaluate -1 + -48 + (-34 - (-75 + 50)) + 9.
-49
What is 3037 + -3028 - (0 - (0 + -33))?
-24
Evaluate -95 + (7 - -41) + 57.
10
Evaluate (45 - 48) + 1 + 41.
39
Calculate 37 - (-30 + 68) - (-5 - (-3 + -2 + 2)).
1
Evaluate 9 + (-20 - (-21 + 8) - (-9 + 6)).
5
What is -517 + 465 + 57 + -1?
4
What is (-10 - -1) + 276 + (80 - 282)?
65
23 + 1 + 21 + (738 - 758)
25
What is -5 + (0 - 3) + 2 + -2 + (-175 - -170)?
-13
129 + (-12 + (-37 - -41) - 14)
107
60 + (72 - 32) - 140
-40
What is the value of -5 - -10 - (169 - 161)?
-3
Evaluate (-12 - -20) + -80 + 47.
-25
What is the value of 109 + (-84 + -55 - -176)?
146
What is (10 - -4) + -84 + 83 - (40 + 0)?
-27
Calculate -5 + 42 + -2 - ((-41 - -32) + 20).
24
(4 - (-1 + -3 + 3)) + (22 - (10 + 0))
17
What is (13 - (5 + 11) - 5) + 7?
-1
What is the value of 2 - 170 - (2068 - 2114)?
-122
What is (-48 - (-100 - -58)) + (-4 - -8) + -58?
-60
(77 + -71 - (-1 + -3 + 0) - 16) + -20
-26
What is the value of (14 + -2 - -1) + (11 + 147 - 185)?
-14
Evaluate 30 + -2 - (123 + -56 - 2).
-37
What is 37 - (35 + -41 + 76)?
-33
What is the value of (-7 + (21 - 34) - 86) + 21?
-85
Calculate -1 - -9 - (15 + (-16 - -16) + -6) - -2.
1
25 - (4 - -1) - (-29 + (-57 - -106))
0
Calculate -44 + (-296 - -130 - -147).
-63
What is the value of (14 + (8 - 12) - (-4 - -13)) + -40 + 41?
2
Evaluate -22 - (67 - (90 - 104)).
-103
Calculate (53 - 40) + (-21 - -2) + (-5 - 16).
-27
Evaluate 22 - 0 - (-101 + -83 + 243).
-37
What is the value of -12 + 21 - -31 - 11?
29
What is 11 + -17 + (131 - 5) + (14 - (1 + -1))?
134
What is 11 - 0 - (39 + 72 + -93)?
-7
Evaluate (59 - (-81 + 138)) + 4 + -4.
2
What is 77 + (-5 - ((-7 - -4) + 3) - (-21 + 21))?
72
What is the value of (-37 - -35 - (-4 + -1)) + (287 - 238)?
52
What is the value of (-1 - -6 - (-46 - -74 - (-3 - -20))) + 63?
57
Evaluate -68 + (-17 - -5 - (6 + 9 + -14 - 10)).
-71
Evaluate -72 - (-32 + 6 + 24 + -1 + (1 - 4)).
-66
(696 - 666) + -14 + (-5 - (-4 - 1))
16
Evaluate (3 - 2) + (-44 - (-17 + 12)) - (-8 + -2).
-28
Evaluate -92 + 258 + -41 + -46.
79
1 + (53 - -51 - 70)
35
What is (2 - 57) + -7 + (35 - (17 + -7) - 18)?
-55
What is (-19 - -41) + 5 + -8 + 4 - (0 - 4)?
27
What is the value of -20 + 2 + (-17 - (-3 - 1)) + 22?
-9
Calculate -234 + 244 + (-3 + 19 - 46).
-20
Calculate 1 + -11 + 11 + 36 + -14.
23
What is the value of 42 + -7 + -30 + (-12 - 4)?
-11
-27 + 3 + (-42 - -17) + 4
-45
What is 35 + -1 + 3 - (5953 - 5945)?
29
What is 17 + (-24 - -26) - 22 - (-4 + 3 - 38)?
36
34 + (-38 - 33) + -26 - -41
-22
What is (2 - 47) + (27 - (-11 - -12))?
-19
Calculate (-290 - -299) + (44 + 4 - 8).
49
-34 - ((281 - 89) + -113)
-113
10 - 1 - (-7720 + 7710)
19
Evaluate -2 + 14 - (1 + 5 + -28 + 39).
-5
What is the value of -13 + 50 - (66 + -72)?
43
131 - (0 - -14 - (14 + (15 - 22) + -6))
118
Calculate -39 + (166 - (168 + -106)).
65
What is 6 - -18 - (16 - (6 - 10 - -10))?
14
Calculate 13 + -2 + 150 + -148 + -20 - 27.
-34
What is -8 + (-2 - -5) + (22 - (-18 + 13 + -11))?
33
What is 816 + -802 + -2 + -79?
-67
71 - ((-67 - (-97 - -32)) + -9 + -2)
84
Evaluate (-16 - (-1 + -1)) + -1 + -29 + -696 + 652.
-88
Evaluate (-23 - (2 + -12 - 0)) + -13 + 7.
-19
What is -42 - (8 - 44 - -32)?
-38
(2 - (-3 + 3)) + -7 - (134 + -136) - 34
-37
Calculate (-19 - 40) + (-25 - -130).
46
What is the value of (0 + -1 - 16) + (-152 - -346 - 183)?
-6
Calculate (-4 - -43) + -67 - 39.
-67
Evaluate -1 + -41 - (1 + (-23